{"id":2,"date":"2018-09-27T20:58:36","date_gmt":"2018-09-27T18:58:36","guid":{"rendered":"https:\/\/www.latourpourtous.fr\/index.php\/themes\/"},"modified":"2026-01-02T23:14:51","modified_gmt":"2026-01-02T22:14:51","slug":"themes","status":"publish","type":"page","link":"https:\/\/www.latourpourtous.fr\/index.php\/themes\/","title":{"rendered":"Nos th\u00e8mes"},"content":{"rendered":"\n<div class=\"wp-block-media-text is-stacked-on-mobile\" style=\"grid-template-columns:15% auto\"><figure class=\"wp-block-media-text__media\"><a href=\"https:\/\/www.latourpourtous.fr\/index.php\/category\/editos\/\"><img loading=\"lazy\" decoding=\"async\" width=\"200\" height=\"200\" src=\"http:\/\/www.latourpourtous.fr\/wp-content\/uploads\/2020\/01\/cropped-cropped-favicon-1.png\" alt=\"\" class=\"wp-image-2346 size-full\" srcset=\"https:\/\/www.latourpourtous.fr\/wp-content\/uploads\/2020\/01\/cropped-cropped-favicon-1.png 200w, https:\/\/www.latourpourtous.fr\/wp-content\/uploads\/2020\/01\/cropped-cropped-favicon-1-150x150.png 150w\" sizes=\"auto, (max-width: 200px) 100vw, 200px\" \/><\/a><\/figure><div class=\"wp-block-media-text__content\">\n<p><strong>\u00c9ditoriaux<\/strong>&nbsp;Retrouvez toutes les&nbsp;tribunes pour comprendre les enjeux et les orientations de notre action publique.<\/p>\n<\/div><\/div>\n\n\n\n<div class=\"wp-block-media-text is-stacked-on-mobile\" style=\"grid-template-columns:15% auto\"><figure class=\"wp-block-media-text__media\"><a href=\"https:\/\/www.latourpourtous.fr\/index.php\/category\/urbanisme\/\"><img loading=\"lazy\" decoding=\"async\" width=\"224\" height=\"231\" src=\"http:\/\/www.latourpourtous.fr\/wp-content\/uploads\/2025\/12\/IMG_0161-4.jpeg\" alt=\"\" class=\"wp-image-2426 size-full\"\/><\/a><\/figure><div class=\"wp-block-media-text__content\">\n<p><strong>Urbanisme<\/strong>&nbsp;Am\u00e9nagement du territoire,&nbsp;projets de construction, ou r\u00e9novation&nbsp;: Nos projets pour concilier d\u00e9veloppement et qualit\u00e9 de vie dans  un cadre harmonieux et fonctionnel.<\/p>\n<\/div><\/div>\n\n\n\n<div class=\"wp-block-media-text is-stacked-on-mobile\" style=\"grid-template-columns:15% auto\"><figure class=\"wp-block-media-text__media\"><a href=\"https:\/\/www.latourpourtous.fr\/index.php\/category\/environnement\/\"><img loading=\"lazy\" decoding=\"async\" width=\"235\" height=\"238\" src=\"http:\/\/www.latourpourtous.fr\/wp-content\/uploads\/2025\/12\/IMG_0160-2.jpeg\" alt=\"\" class=\"wp-image-2427 size-full\"\/><\/a><\/figure><div class=\"wp-block-media-text__content\">\n<p><strong>Environnement<\/strong>&nbsp;Gestion des d\u00e9chets, pr\u00e9servation des espaces naturels, et transition \u00e9nerg\u00e9tique. D\u00e9couvrez nos&nbsp;projets et comment vous impliquer&nbsp;pour prot\u00e9ger notre cadre de vie.<\/p>\n<\/div><\/div>\n\n\n\n<div class=\"wp-block-media-text is-stacked-on-mobile\" style=\"grid-template-columns:15% auto\"><figure class=\"wp-block-media-text__media\"><a href=\"https:\/\/www.latourpourtous.fr\/index.php\/category\/economie\/\"><img loading=\"lazy\" decoding=\"async\" width=\"165\" height=\"170\" src=\"http:\/\/www.latourpourtous.fr\/wp-content\/uploads\/2025\/12\/IMG_0170.jpeg\" alt=\"\" class=\"wp-image-2418 size-full\"\/><\/a><\/figure><div class=\"wp-block-media-text__content\">\n<p><strong>Economie<\/strong> : Nous accompagnons les entrepreneurs et valorisons l\u2019emploi pour un territoire attractif et innovant.<\/p>\n<\/div><\/div>\n\n\n\n<div class=\"wp-block-media-text is-stacked-on-mobile\" style=\"grid-template-columns:15% auto\"><figure class=\"wp-block-media-text__media\"><a href=\"https:\/\/www.latourpourtous.fr\/index.php\/category\/intercommunalite\/\"><img loading=\"lazy\" decoding=\"async\" width=\"228\" height=\"228\" src=\"http:\/\/www.latourpourtous.fr\/wp-content\/uploads\/2025\/12\/IMG_0161.jpeg\" alt=\"\" class=\"wp-image-2420 size-full\" srcset=\"https:\/\/www.latourpourtous.fr\/wp-content\/uploads\/2025\/12\/IMG_0161.jpeg 228w, https:\/\/www.latourpourtous.fr\/wp-content\/uploads\/2025\/12\/IMG_0161-150x150.jpeg 150w\" sizes=\"auto, (max-width: 228px) 100vw, 228px\" \/><\/a><\/figure><div class=\"wp-block-media-text__content\">\n<p><strong>Intercommunalit\u00e9<\/strong>&nbsp;D\u00e9couvrez nos&nbsp;projets, les services et les synergies&nbsp;\u00e0 mettre en place avec nos partenaires intercommunaux pour renforcer notre attractivit\u00e9 et notre coh\u00e9sion.<\/p>\n<\/div><\/div>\n\n\n\n<div class=\"wp-block-media-text is-stacked-on-mobile\" style=\"grid-template-columns:15% auto\"><figure class=\"wp-block-media-text__media\"><a href=\"https:\/\/www.latourpourtous.fr\/index.php\/category\/actualites\/\"><img loading=\"lazy\" decoding=\"async\" width=\"232\" height=\"236\" src=\"http:\/\/www.latourpourtous.fr\/wp-content\/uploads\/2025\/12\/IMG_0160-1.jpeg\" alt=\"\" class=\"wp-image-2424 size-full\"\/><\/a><\/figure><div class=\"wp-block-media-text__content\">\n<p><strong>Actualit\u00e9s<\/strong>&nbsp;Toute l\u2019actualit\u00e9 de la commune en temps r\u00e9el : \u00e9v\u00e9nements, travaux et initiatives. Restez inform\u00e9s.<\/p>\n<\/div><\/div>\n\n\n\n<div class=\"wp-block-media-text is-stacked-on-mobile\" style=\"grid-template-columns:15% auto\"><figure class=\"wp-block-media-text__media\"><a href=\"https:\/\/www.latourpourtous.fr\/index.php\/category\/vie-municipale\/\"><img loading=\"lazy\" decoding=\"async\" width=\"231\" height=\"230\" src=\"http:\/\/www.latourpourtous.fr\/wp-content\/uploads\/2025\/12\/IMG_0162.jpeg\" alt=\"\" class=\"wp-image-2419 size-full\" srcset=\"https:\/\/www.latourpourtous.fr\/wp-content\/uploads\/2025\/12\/IMG_0162.jpeg 231w, https:\/\/www.latourpourtous.fr\/wp-content\/uploads\/2025\/12\/IMG_0162-150x150.jpeg 150w\" sizes=\"auto, (max-width: 231px) 100vw, 231px\" \/><\/a><\/figure><div class=\"wp-block-media-text__content\">\n<p><strong>Vie municipale<\/strong>&nbsp;Transparence, proximit\u00e9 et efficacit\u00e9 sont au c\u0153ur de notre action pour vous servir au mieux.<\/p>\n<\/div><\/div>\n\n\n\n<div class=\"wp-block-media-text is-stacked-on-mobile\" style=\"grid-template-columns:15% auto\"><figure class=\"wp-block-media-text__media\"><a href=\"https:\/\/www.latourpourtous.fr\/index.php\/category\/point-de-vue\/\"><img loading=\"lazy\" decoding=\"async\" width=\"234\" height=\"236\" src=\"http:\/\/www.latourpourtous.fr\/wp-content\/uploads\/2025\/12\/IMG_0161-3.jpeg\" alt=\"\" class=\"wp-image-2425 size-full\" srcset=\"https:\/\/www.latourpourtous.fr\/wp-content\/uploads\/2025\/12\/IMG_0161-3.jpeg 234w, https:\/\/www.latourpourtous.fr\/wp-content\/uploads\/2025\/12\/IMG_0161-3-150x150.jpeg 150w\" sizes=\"auto, (max-width: 234px) 100vw, 234px\" \/><\/a><\/figure><div class=\"wp-block-media-text__content\">\n<p><strong>Points de vue<\/strong>&nbsp;Citoyens, associations, \u00e9lus : partagez vos id\u00e9es et contribuez aux r\u00e9flexions sur l\u2019avenir de notre commune.<\/p>\n<\/div><\/div>\n\n\n\n<div class=\"wp-block-media-text is-stacked-on-mobile\" style=\"grid-template-columns:15% auto\"><figure class=\"wp-block-media-text__media\"><a href=\"https:\/\/www.latourpourtous.fr\/index.php\/category\/campagne-electorale\/\"><img loading=\"lazy\" decoding=\"async\" width=\"229\" height=\"237\" src=\"http:\/\/www.latourpourtous.fr\/wp-content\/uploads\/2025\/12\/IMG_0161-1.jpeg\" alt=\"\" class=\"wp-image-2421 size-full\"\/><\/a><\/figure><div class=\"wp-block-media-text__content\">\n<p><strong>Campagne \u00e9lectorale<\/strong>&nbsp;Informations pratiques : tout savoir sur les scrutins. Exercez votre citoyennet\u00e9 en toute s\u00e9r\u00e9nit\u00e9.<\/p>\n<\/div><\/div>\n\n\n\n<div class=\"wp-block-media-text is-stacked-on-mobile\" style=\"grid-template-columns:15% auto\"><figure class=\"wp-block-media-text__media\"><a href=\"https:\/\/www.latourpourtous.fr\/index.php\/category\/vie-de-lassociation\/\"><img loading=\"lazy\" decoding=\"async\" width=\"234\" height=\"236\" src=\"http:\/\/www.latourpourtous.fr\/wp-content\/uploads\/2025\/12\/IMG_0160.jpeg\" alt=\"\" class=\"wp-image-2423 size-full\" srcset=\"https:\/\/www.latourpourtous.fr\/wp-content\/uploads\/2025\/12\/IMG_0160.jpeg 234w, https:\/\/www.latourpourtous.fr\/wp-content\/uploads\/2025\/12\/IMG_0160-150x150.jpeg 150w\" sizes=\"auto, (max-width: 234px) 100vw, 234px\" \/><\/a><\/figure><div class=\"wp-block-media-text__content\">\n<p><strong>Vie de l&rsquo;association<\/strong>&nbsp;Notre activit\u00e9. Ensemble, faisons vivre la convivialit\u00e9 et l\u2019entraide.<\/p>\n<\/div><\/div>\n\n\n\n<div class=\"wp-block-media-text is-stacked-on-mobile\" style=\"grid-template-columns:15% auto\"><figure class=\"wp-block-media-text__media\"><a href=\"https:\/\/www.latourpourtous.fr\/index.php\/category\/culture\/\"><img loading=\"lazy\" decoding=\"async\" width=\"232\" height=\"226\" src=\"http:\/\/www.latourpourtous.fr\/wp-content\/uploads\/2025\/12\/IMG_0161-2.jpeg\" alt=\"\" class=\"wp-image-2422 size-full\"\/><\/a><\/figure><div class=\"wp-block-media-text__content\">\n<p><strong>Culture<\/strong>&nbsp;Au sujet de la vie culturelle, sportive et artistique de notre commune<\/p>\n<\/div><\/div>\n","protected":false},"excerpt":{"rendered":"<p>\u00c9ditoriaux&nbsp;Retrouvez toutes les&nbsp;tribunes pour comprendre les enjeux et les orientations de notre action publique. Urbanisme&nbsp;Am\u00e9nagement du territoire,&nbsp;projets de construction, ou r\u00e9novation&nbsp;: Nos projets pour concilier d\u00e9veloppement et qualit\u00e9 de vie dans un cadre harmonieux et fonctionnel. Environnement&nbsp;Gestion des d\u00e9chets, pr\u00e9servation des espaces naturels, et transition \u00e9nerg\u00e9tique. D\u00e9couvrez nos&nbsp;projets et comment vous impliquer&nbsp;pour prot\u00e9ger notre cadre&hellip;&nbsp;<a href=\"https:\/\/www.latourpourtous.fr\/index.php\/themes\/\" rel=\"bookmark\"><span class=\"screen-reader-text\">Nos th\u00e8mes<\/span><\/a><\/p>\n","protected":false},"author":1,"featured_media":1866,"parent":0,"menu_order":0,"comment_status":"closed","ping_status":"closed","template":"","meta":{"neve_meta_sidebar":"","neve_meta_container":"","neve_meta_enable_content_width":"on","neve_meta_content_width":69,"neve_meta_title_alignment":"","neve_meta_author_avatar":"","neve_post_elements_order":"","neve_meta_disable_header":"","neve_meta_disable_footer":"","neve_meta_disable_title":"","footnotes":""},"class_list":["post-2","page","type-page","status-publish","has-post-thumbnail","hentry"],"_links":{"self":[{"href":"https:\/\/www.latourpourtous.fr\/index.php\/wp-json\/wp\/v2\/pages\/2","targetHints":{"allow":["GET"]}}],"collection":[{"href":"https:\/\/www.latourpourtous.fr\/index.php\/wp-json\/wp\/v2\/pages"}],"about":[{"href":"https:\/\/www.latourpourtous.fr\/index.php\/wp-json\/wp\/v2\/types\/page"}],"author":[{"embeddable":true,"href":"https:\/\/www.latourpourtous.fr\/index.php\/wp-json\/wp\/v2\/users\/1"}],"replies":[{"embeddable":true,"href":"https:\/\/www.latourpourtous.fr\/index.php\/wp-json\/wp\/v2\/comments?post=2"}],"version-history":[{"count":40,"href":"https:\/\/www.latourpourtous.fr\/index.php\/wp-json\/wp\/v2\/pages\/2\/revisions"}],"predecessor-version":[{"id":2553,"href":"https:\/\/www.latourpourtous.fr\/index.php\/wp-json\/wp\/v2\/pages\/2\/revisions\/2553"}],"wp:featuredmedia":[{"embeddable":true,"href":"https:\/\/www.latourpourtous.fr\/index.php\/wp-json\/wp\/v2\/media\/1866"}],"wp:attachment":[{"href":"https:\/\/www.latourpourtous.fr\/index.php\/wp-json\/wp\/v2\/media?parent=2"}],"curies":[{"name":"wp","href":"https:\/\/api.w.org\/{rel}","templated":true}]}}

Nos thèmes

<div class="wp-block-media-text is-stacked-on-mobile" style="grid-template-columns:15% auto"><figure class="wp-block-media-text__media"><a href="https://www.latourpourtous.fr/index.php/category/editos/"><img loading="lazy" decoding="async" width="200" height="200" src="http://www.latourpourtous.fr/wp-content/uploads/2020/01/cropped-cropped-favicon-1.png" alt="" class="wp-image-2346 size-full" srcset="https://www.latourpourtous.fr/wp-content/uploads/2020/01/cropped-cropped-favicon-1.png 200w, https://www.latourpourtous.fr/wp-content/uploads/2020/01/cropped-cropped-favicon-1-150x150.png 150w" sizes="auto, (max-width: 200px) 100vw, 200px" /></a></figure><div class="wp-block-media-text__content">
<p><strong>Éditoriaux</strong>&nbsp;Retrouvez toutes les&nbsp;tribunes pour comprendre les enjeux et les orientations de notre action publique.</p>
</div></div>



<div class="wp-block-media-text is-stacked-on-mobile" style="grid-template-columns:15% auto"><figure class="wp-block-media-text__media"><a href="https://www.latourpourtous.fr/index.php/category/urbanisme/"><img loading="lazy" decoding="async" width="224" height="231" src="http://www.latourpourtous.fr/wp-content/uploads/2025/12/IMG_0161-4.jpeg" alt="" class="wp-image-2426 size-full"/></a></figure><div class="wp-block-media-text__content">
<p><strong>Urbanisme</strong>&nbsp;Aménagement du territoire,&nbsp;projets de construction, ou rénovation&nbsp;: Nos projets pour concilier développement et qualité de vie dans  un cadre harmonieux et fonctionnel.</p>
</div></div>



<div class="wp-block-media-text is-stacked-on-mobile" style="grid-template-columns:15% auto"><figure class="wp-block-media-text__media"><a href="https://www.latourpourtous.fr/index.php/category/environnement/"><img loading="lazy" decoding="async" width="235" height="238" src="http://www.latourpourtous.fr/wp-content/uploads/2025/12/IMG_0160-2.jpeg" alt="" class="wp-image-2427 size-full"/></a></figure><div class="wp-block-media-text__content">
<p><strong>Environnement</strong>&nbsp;Gestion des déchets, préservation des espaces naturels, et transition énergétique. Découvrez nos&nbsp;projets et comment vous impliquer&nbsp;pour protéger notre cadre de vie.</p>
</div></div>



<div class="wp-block-media-text is-stacked-on-mobile" style="grid-template-columns:15% auto"><figure class="wp-block-media-text__media"><a href="https://www.latourpourtous.fr/index.php/category/economie/"><img loading="lazy" decoding="async" width="165" height="170" src="http://www.latourpourtous.fr/wp-content/uploads/2025/12/IMG_0170.jpeg" alt="" class="wp-image-2418 size-full"/></a></figure><div class="wp-block-media-text__content">
<p><strong>Economie</strong> : Nous accompagnons les entrepreneurs et valorisons l’emploi pour un territoire attractif et innovant.</p>
</div></div>



<div class="wp-block-media-text is-stacked-on-mobile" style="grid-template-columns:15% auto"><figure class="wp-block-media-text__media"><a href="https://www.latourpourtous.fr/index.php/category/intercommunalite/"><img loading="lazy" decoding="async" width="228" height="228" src="http://www.latourpourtous.fr/wp-content/uploads/2025/12/IMG_0161.jpeg" alt="" class="wp-image-2420 size-full" srcset="https://www.latourpourtous.fr/wp-content/uploads/2025/12/IMG_0161.jpeg 228w, https://www.latourpourtous.fr/wp-content/uploads/2025/12/IMG_0161-150x150.jpeg 150w" sizes="auto, (max-width: 228px) 100vw, 228px" /></a></figure><div class="wp-block-media-text__content">
<p><strong>Intercommunalité</strong>&nbsp;Découvrez nos&nbsp;projets, les services et les synergies&nbsp;à mettre en place avec nos partenaires intercommunaux pour renforcer notre attractivité et notre cohésion.</p>
</div></div>



<div class="wp-block-media-text is-stacked-on-mobile" style="grid-template-columns:15% auto"><figure class="wp-block-media-text__media"><a href="https://www.latourpourtous.fr/index.php/category/actualites/"><img loading="lazy" decoding="async" width="232" height="236" src="http://www.latourpourtous.fr/wp-content/uploads/2025/12/IMG_0160-1.jpeg" alt="" class="wp-image-2424 size-full"/></a></figure><div class="wp-block-media-text__content">
<p><strong>Actualités</strong>&nbsp;Toute l’actualité de la commune en temps réel : événements, travaux et initiatives. Restez informés.</p>
</div></div>



<div class="wp-block-media-text is-stacked-on-mobile" style="grid-template-columns:15% auto"><figure class="wp-block-media-text__media"><a href="https://www.latourpourtous.fr/index.php/category/vie-municipale/"><img loading="lazy" decoding="async" width="231" height="230" src="http://www.latourpourtous.fr/wp-content/uploads/2025/12/IMG_0162.jpeg" alt="" class="wp-image-2419 size-full" srcset="https://www.latourpourtous.fr/wp-content/uploads/2025/12/IMG_0162.jpeg 231w, https://www.latourpourtous.fr/wp-content/uploads/2025/12/IMG_0162-150x150.jpeg 150w" sizes="auto, (max-width: 231px) 100vw, 231px" /></a></figure><div class="wp-block-media-text__content">
<p><strong>Vie municipale</strong>&nbsp;Transparence, proximité et efficacité sont au cœur de notre action pour vous servir au mieux.</p>
</div></div>



<div class="wp-block-media-text is-stacked-on-mobile" style="grid-template-columns:15% auto"><figure class="wp-block-media-text__media"><a href="https://www.latourpourtous.fr/index.php/category/point-de-vue/"><img loading="lazy" decoding="async" width="234" height="236" src="http://www.latourpourtous.fr/wp-content/uploads/2025/12/IMG_0161-3.jpeg" alt="" class="wp-image-2425 size-full" srcset="https://www.latourpourtous.fr/wp-content/uploads/2025/12/IMG_0161-3.jpeg 234w, https://www.latourpourtous.fr/wp-content/uploads/2025/12/IMG_0161-3-150x150.jpeg 150w" sizes="auto, (max-width: 234px) 100vw, 234px" /></a></figure><div class="wp-block-media-text__content">
<p><strong>Points de vue</strong>&nbsp;Citoyens, associations, élus : partagez vos idées et contribuez aux réflexions sur l’avenir de notre commune.</p>
</div></div>



<div class="wp-block-media-text is-stacked-on-mobile" style="grid-template-columns:15% auto"><figure class="wp-block-media-text__media"><a href="https://www.latourpourtous.fr/index.php/category/campagne-electorale/"><img loading="lazy" decoding="async" width="229" height="237" src="http://www.latourpourtous.fr/wp-content/uploads/2025/12/IMG_0161-1.jpeg" alt="" class="wp-image-2421 size-full"/></a></figure><div class="wp-block-media-text__content">
<p><strong>Campagne électorale</strong>&nbsp;Informations pratiques : tout savoir sur les scrutins. Exercez votre citoyenneté en toute sérénité.</p>
</div></div>



<div class="wp-block-media-text is-stacked-on-mobile" style="grid-template-columns:15% auto"><figure class="wp-block-media-text__media"><a href="https://www.latourpourtous.fr/index.php/category/vie-de-lassociation/"><img loading="lazy" decoding="async" width="234" height="236" src="http://www.latourpourtous.fr/wp-content/uploads/2025/12/IMG_0160.jpeg" alt="" class="wp-image-2423 size-full" srcset="https://www.latourpourtous.fr/wp-content/uploads/2025/12/IMG_0160.jpeg 234w, https://www.latourpourtous.fr/wp-content/uploads/2025/12/IMG_0160-150x150.jpeg 150w" sizes="auto, (max-width: 234px) 100vw, 234px" /></a></figure><div class="wp-block-media-text__content">
<p><strong>Vie de l&rsquo;association</strong>&nbsp;Notre activité. Ensemble, faisons vivre la convivialité et l’entraide.</p>
</div></div>



<div class="wp-block-media-text is-stacked-on-mobile" style="grid-template-columns:15% auto"><figure class="wp-block-media-text__media"><a href="https://www.latourpourtous.fr/index.php/category/culture/"><img loading="lazy" decoding="async" width="232" height="226" src="http://www.latourpourtous.fr/wp-content/uploads/2025/12/IMG_0161-2.jpeg" alt="" class="wp-image-2422 size-full"/></a></figure><div class="wp-block-media-text__content">
<p><strong>Culture</strong>&nbsp;Au sujet de la vie culturelle, sportive et artistique de notre commune</p>
</div></div>

<p>Éditoriaux&nbsp;Retrouvez toutes les&nbsp;tribunes pour comprendre les enjeux et les orientations de notre action publique. Urbanisme&nbsp;Aménagement du territoire,&nbsp;projets de construction, ou rénovation&nbsp;: Nos projets pour concilier développement et qualité de vie dans un cadre harmonieux et fonctionnel. Environnement&nbsp;Gestion des déchets, préservation des espaces naturels, et transition énergétique. Découvrez nos&nbsp;projets et comment vous impliquer&nbsp;pour protéger notre cadre&hellip;&nbsp;<a href="https://www.latourpourtous.fr/index.php/themes/" rel="bookmark"><span class="screen-reader-text">Nos thèmes</span></a></p>
